 0 = -2*j - 0*c + c + 6. Suppose b + 2*g - 22 = -6, j*g = 2*b. Suppose t - b = -t. What is the units digit of t?
4
Suppose -n + 18 = -3*n. Let m = 14 + n. What is the units digit of m?
5
Suppose 0*g + 6 = 3*g. Suppose -4*b = -4*q, -b + 0*b = -3*q - g. What is the tens digit of (-20)/3*(q + -2)?
2
Let p(s) = 2*s**2 - 4*s - 9. What is the tens digit of p(-4)?
3
Let k(m) = 8*m**3 - m**2 - 2*m - 1. Let l be k(-1). Let s(p) = -15*p + 2. Let t be s(-4). What is the units digit of t/8 + (-2)/l?
8
Suppose -949 - 108 = -7*v. What is the units digit of v?
1
What is the units digit of 14/98 + 573/7?
2
Let k be 24/40 + 3/(-5). Suppose m - 4*j = -3*m + 32, -4*m + j + 17 = k. What is the units digit of m?
3
Suppose -4*r + 13 = -19. What is the units digit of r?
8
Suppose -4*k + 12 = -8. Let b = 9 - k. What is the units digit of b?
4
Let o = 7 + -4. Suppose o*x - 4 = x. What is the units digit of x?
2
Let c(i) be the second derivative of 0 - i - 1/12*i**4 - 4/3*i**3 - 4*i**2. What is the units digit of c(-6)?
4
Let a = -1 - -4. Suppose -3*o - a*j = 0, 6 = o + 2*o + j. What is the units digit of o/(-6)*(-2 - 0)?
1
What is the units digit of 12/(-9)*(4 + 68/(-8))?
6
Let y(z) = 2*z**2 + 4*z - 10. What is the tens digit of y(-5)?
2
Let q(h) = h**3 - h**2 + 16. Let k be q(0). Let a = k + -7. What is the units digit of a?
9
Let h(k) = k**3 + 3*k**2 + 2*k + 3. Let n be h(-2). Suppose -5 = -l, -l - n*l = -j - 11. What is the units digit of j?
9
What is the tens digit of 2/(-4)*92/(-2)?
2
Let h(u) be the second derivative of -1/6*u**4 + 0*u**2 + 0 + 1/3*u**3 - 1/10*u**5 - 2*u. What is the units digit of h(-2)?
4
Suppose -72 = 2*z - 18. Let o = z - -13. Let h = 25 + o. What is the tens digit of h?
1
Suppose -3*b + 354 = 3*j, 5*j = 11 + 4. What is the tens digit of b?
1
Let g(f) = -4 - 2*f**2 + f**2 + 3. Let t be g(-1). What is the units digit of -6*(-2 + 4)/t?
6
Let g = 58 - 21. What is the tens digit of g?
3
Let q = 6 - 3. Let l(t) = 6*t + 1. What is the units digit of l(q)?
9
Let r(f) = f**3 + 6*f**2 + 2. Let j be r(-6). Let w be 0/2*j/(-4). Suppose w = 7*a - 3*a - 20. What is the units digit of a?
5
Let h be (-9 + 6)/(6/20). Let u(b) = b**3 + 9*b**2 - 10*b + 2. What is the units digit of u(h)?
2
Suppose 0 = -5*c + 4*j + 23, 7*j = 4*j - 6. Let l(m) = c*m + 2*m - 4*m. What is the units digit of l(3)?
3
Suppose 2*y = -5*u - 7, -5*y + 0*y = 2*u - 14. Let v = u - -6. Suppose v*s - 4*n = -9*n + 15, 0 = -s - 5*n - 5. What is the tens digit of s?
1
Let t(i) = 2*i**2 + 5 - 6*i - 7 - i**2. What is the units digit of t(7)?
5
Let s(h) be the second derivative of 5*h**4/12 - h**3/3 - h**2 + 7*h. What is the units digit of s(-2)?
2
Suppose 4*g = -4*b - 76, -4*g - g + 2*b - 74 = 0. Let v = 30 + g. What is the units digit of v?
4
Let b = 151 + -102. Suppose -3*f + 0*f + 3 = 3*y, 4*f = -12. Suppose 5*s - b + y = 0. What is the units digit of s?
9
Suppose 0 = 2*g - 6, 4*o = -4*g + 13 + 203. What is the units digit of o?
1
Suppose -10*q + 666 = -8*q. What is the hundreds digit of q?
3
Suppose q = -2 + 1, -t + 20 = 4*q. What is the units digit of t?
4
Suppose 0 = i - 4*z - 167 - 220, -3*z = -4*i + 1574. What is the hundreds digit of i?
3
Suppose -2*f - 12 = -4. Let j be -4 + 2/(1 + 1). What is the units digit of ((-6)/j)/(f/(-10))?
5
Let g = 303 + -206. What is the units digit of g/9 + 8/36?
1
Let o(q) = -3*q + 4. What is the units digit of o(-6)?
2
Suppose -4*c - b + 1579 = 0, 4*b + 382 = -5*c + 6*c. What is the units digit of c?
4
Let z(o) = -o**2 + 2*o + 60. Let b be z(0). Let f = b + -19. What is the units digit of f?
1
Suppose 3*o - 357 = -3*x, -o - 123 = -2*o - 3*x. What is the tens digit of o?
1
Let k = -3 - -5. Suppose 3*n - 4*t = k*n + 12, 3*n - 57 = 5*t. What is the units digit of n?
4
Let k be (36/(-15))/(2/(-5)). Let m(a) = a**2 - 4*a + 8. What is the tens digit of m(k)?
2
Let a(i) = -i**2 - 12*i. Let t be a(-10). Let b = 44 - t. What is the units digit of b?
4
Let y = 33 - 62. Let a = 50 + y. What is the tens digit of a?
2
Let c = -3 - -6. Let q be 1/((-3)/(-10))*c. Let p = -6 + q. What is the units digit of p?
4
Let l be (-18)/(-5) + (-12)/20. Suppose -v + 4*m = l*m - 7, -m + 23 = 2*v. What is the tens digit of v?
1
Let s = 293 - -7. What is the units digit of s?
0
Let r = 72 - 47. What is the units digit of r?
5
Let h(x) = -x**2 + 8*x + 11. Let b be h(8). Let n = b + -1. Let o = n - -3. What is the tens digit of o?
1
Let r(b) = 6*b + 4. Let g(m) = -3*m - 2. Let y(s) = -5*g(s) - 2*r(s). Let u be y(-2). What is the units digit of 6/(-12) - 30/u?
7
Let l = -22 + 13. Let u = 15 + l. What is the units digit of 9/u - (-1)/2?
2
Let y = -8 + 7. Let x = 24 + y. What is the units digit of x?
3
What is the tens digit of ((-2)/2)/(3/(-33))?
1
Suppose -z + 1 = -2*l, 4*z + 2 = 3*l + 11. Let p(a) = 29*a**3 + 2*a - 2. What is the tens digit of p(l)?
2
Suppose 0 = -3*x + 5*p + 22, -p = 2*x - 0 - 6. Suppose 3*k - 84 = -x*v + 32, 3*v - 94 = -4*k. What is the units digit of v?
6
Let h(x) = -x**3 - 6*x**2 - 7*x - 15. What is the units digit of h(-6)?
7
What is the tens digit of 7 + 119 - (3 - (-2 - -6))?
2
Suppose 0 = -5*q - 0*q + 265. Suppose n + 21 = 2*z, 3*n = -5*z + q - 6. What is the tens digit of z?
1
Suppose 3*v + 5*x - 44 = 0, -14 = -5*x + 6. Let t = v + 1. What is the units digit of t?
9
Let g = 4 - 4. Suppose 2*a - 4*a - 4*p + 46 = g, 0 = -3*a + 3*p + 42. What is the tens digit of a?
1
What is the units digit of (-206)/(-4) - 105/(-70)?
3
Let o(u) be the second derivative of -u**4/12 - 3*u**3/2 + 3*u**2 - u. What is the tens digit of o(-7)?
2
Let k be 12/(-9)*1*18. What is the tens digit of 3*(k/(-9) + 2)?
1
Suppose 3*t = 4*t, 4*d - 5*t = -4. Let b = -21 - -22. What is the units digit of b*-1 - (d + -2)?
2
Let m(l) = 3*l**3 - 1 - 2*l**2 - 3*l**2 - 4*l**3 - l. Let q be m(-5). Suppose i + p = 3*i - 21, -40 = -4*i + q*p. What is the units digit of i?
1
What is the units digit of -2 + (-7)/21 + 410/6?
6
Suppose 2*m + 2*c = -4, m = -3*m + 2*c - 8. Let u = -4 + 9. Let l = u + m. What is the units digit of l?
3
Suppose 0 = -s + 5*q + 15, s = -4*s + 5*q + 35. What is the units digit of s?
5
Let o(a) = 2*a**3 - 5 + 0*a**3 - 7*a + 2*a**3 - 3*a**3 + 4*a**2. What is the units digit of o(-5)?
5
Let y = 46 + 98. What is the units digit of 32/y - (-241)/9?
7
Let d(a) = a**2 + a + 1. Let k = 6 + -9. Let b be (0/(1*k))/(-2). What is the units digit of d(b)?
1
Suppose 11 = y - 17. What is the units digit of y?
8
Suppose -2*z + 6 + 12 = 0. Suppose 9 + z = -3*r. What is the tens digit of (r/2)/3*-16?
1
What is the units digit of (-4)/(-2) - (-497)/7?
3
Let x = -4 + 6. Let a be (-3)/(-2)*x/3. What is the units digit of 3/a - 4/(-4)?
4
Suppose 5*c - c - 4*f = 156, 4*c - 5*f - 161 = 0. What is the tens digit of c?
3
Let z = 25 + -10. Suppose -3*j + 2*j + z = 0. What is the units digit of j?
5
Suppose 5*a = -0*a - 5*c - 15, 4*a - 4*c - 12 = 0. Suppose -t + 3*d + 2*d + 7 = a, 0 = 3*t + 2*d - 89. What is the units digit of t?
7
Let q(t) = -t + 1. Let n be q(15). What is the tens digit of -1*1*(n + 2)?
1
Suppose -39 - 25 = -k. What is the tens digit of k?
6
Suppose -5*b - 3*m + 0*m = 0, 2*b + 3*m = -9. Suppose -2*t = b*t - 10. What is the units digit of t?
2
Suppose -3*l = -4*h - 478, 3*h - 473 = -3*l + 2*h. What is the units digit of l?
8
Let s(j) = -j**3 - 3*j**2 + 2. Let d be s(-3). What is the units digit of (d/3)/(6/9)?
1
Suppose 0*c - 15 = -c. What is the units digit of c?
5
Let b(n) = -n**3 - 4*n**2 + n + 2. Let z be b(-4). Let a be z/(-4) - 1/(-2). Suppose 5*p - s = 25, -5*s + 2 - a = -4*p. What is the units digit of p?
6
Suppose -18 = i - 5*b, 4*i = -i - b + 14. Suppose i*s = -s + 45. Suppose -2*u + 15 = -s. What is the units digit of u?
5
Suppose 4*z + 3*k - 513 = 0, 3*z + k = 4*k + 390. What is the hundreds digit of z?
1
Suppose -3*s + 3 = 12. Let o = 50 + -49. Let j = o - s. What is the units digit of j?
4
Suppose -3*i = -5*b + 25, -5 = -5*b - i - 0*i. Let j(p) = 3*p**2 - 2*p - 1. What is the units digit of j(b)?
7
Suppose -2*t + 3*t - 6 = 0. Let f be (-8)/(-6)*(-27)/t. Let y(s) = -s**2 - 7*s - 1. What is the units digit of y(f)?
5
Suppose 8*l - 4*l + 48 = 0. Let i = -5 - l. What is the units digit of i?
7
Let z(y) = -y**3 - 4*y - 2. What is the units digit of z(-3)?
7
Let z be (-12)/(-42) 